{"id":1166,"date":"2025-04-08T07:47:19","date_gmt":"2025-04-08T05:47:19","guid":{"rendered":"https:\/\/conference2025.etszk.u-szeged.hu\/?page_id=1166"},"modified":"2025-04-08T07:47:19","modified_gmt":"2025-04-08T05:47:19","slug":"santa-emese-phd","status":"publish","type":"page","link":"https:\/\/conference2025.etszk.u-szeged.hu\/index.php\/santa-emese-phd\/","title":{"rendered":"S\u00e1nta Emese PhD"},"content":{"rendered":"\n<figure class=\"wp-block-image size-full is-resized\"><img loading=\"lazy\" decoding=\"async\" width=\"480\" height=\"480\" src=\"https:\/\/conference2025.etszk.u-szeged.hu\/wp-content\/uploads\/2025\/04\/Santa-Emese.jpg\" alt=\"\" class=\"wp-image-1164\" style=\"width:250px\" srcset=\"https:\/\/conference2025.etszk.u-szeged.hu\/wp-content\/uploads\/2025\/04\/Santa-Emese.jpg 480w, https:\/\/conference2025.etszk.u-szeged.hu\/wp-content\/uploads\/2025\/04\/Santa-Emese-300x300.jpg 300w, https:\/\/conference2025.etszk.u-szeged.hu\/wp-content\/uploads\/2025\/04\/Santa-Emese-150x150.jpg 150w\" sizes=\"(max-width: 480px) 100vw, 480px\" \/><\/figure>\n\n\n\n<p>CURRICULUM VITAE<br>Name: Emese S\u00e1nta, PhD<br>Address: F\u00fclelm\u00fcle u. 24, H-9064, Gy\u0151r, Hungary<br>Telephone number: +36704083223<br>Email: <a href=\"mailto:santa.emese@sze.hu\">santa.emese@sze.hu<\/a><\/p>\n\n\n\n<hr class=\"wp-block-separator has-alpha-channel-opacity\"\/>\n\n\n\n<p><strong>EDUCATION<\/strong><\/p>\n\n\n\n<ul>\n<li><strong>2015-2017<\/strong> PhD, Doctoral School, University of P\u00e9cs, P\u00e9cs, Hungary<\/li>\n\n\n\n<li><strong>2011-2013 <\/strong>Public Health master\u2019s degree, Expert in Public Health professional qualification,University of P\u00e9cs, P\u00e9cs, Hungary<\/li>\n\n\n\n<li><strong>2006-2010<\/strong> Nursing and Patient Care bachelor\u2019s degree, Ambulance Officer professional qualification, University of P\u00e9cs, P\u00e9cs, Hungary<\/li>\n<\/ul>\n\n\n\n<hr class=\"wp-block-separator has-alpha-channel-opacity\"\/>\n\n\n\n<p><strong>PROFESSIONAL EXPERIENCE<\/strong><\/p>\n\n\n\n<ul>\n<li><strong>2025 &#8211;<\/strong> Vice Dean for Accademic Affairs, Head of Department, senior lecturer, Sz\u00e9chenyi University, Faculty of Health and Sport Sciences, Gy\u0151r, Hungary<\/li>\n\n\n\n<li><strong>2024-2025<\/strong> senior lecturer, Sz\u00e9chenyi University, Faculty of Health and Sport Sciences, Gy\u0151r, Hungary<\/li>\n\n\n\n<li><strong>2010-2024<\/strong> senior lecturer, University of P\u00e9cs, Faculty of Health Sciences, P\u00e9cs, Hungary<\/li>\n<\/ul>\n\n\n\n<hr class=\"wp-block-separator has-alpha-channel-opacity\"\/>\n\n\n\n<p><strong>PROFESSIONAL ACTIVITIES<\/strong><\/p>\n\n\n\n<ul>\n<li>HUROPEL Intensive Programme (Human Rights: Older People and End of Life Care) 2011 &#8211; Salford (2 weeks), 2012 &#8211; Lappeenranta (2 weeks), 2013 &#8211; Clermont Ferrand (1 week)<\/li>\n\n\n\n<li>Cluj Napoca Babes-Bolyai University 5 days study trip April 2015<\/li>\n\n\n\n<li>Member of the Hungarian Chamber of Health Care Professionals since 2011.12.01 Preparation of competence lists in the field of health care professionals in the project T\u00c1MOP 6.2.2\/B\/09 funded by the European Union and the Hungarian State and implemented by the Hungarian Chamber of Health Care Professionals &#8211; Rescue professional group (expert)<\/li>\n\n\n\n<li>T\u00c1MOP Training of trainers Didactics training (2012.)<\/li>\n\n\n\n<li>T\u00c1MOP Digital skills training (2013.)<\/li>\n\n\n\n<li>T\u00c1MOP E-Learning training (2013.)<\/li>\n\n\n\n<li>T\u00c1MOP 50 hours of English professional language training (2013.)<\/li>\n\n\n\n<li>PTE ETK Dean&#8217;s thesis competition winner<\/li>\n\n\n\n<li>DG Sanco, WP 6 Joint Action on Mental Health and Well-Being at Workplaces 2013-2016.<\/li>\n\n\n\n<li>MSOTKE CTAS Providers Course (2013.)<\/li>\n\n\n\n<li>Basic Life Support and Automatic External Defibrillator education \u2013 University of Maribor \u2013 professional visit to a partner university (2-4. June 2015.)<\/li>\n\n\n\n<li>Collaborative Communication Training (12-13. 11. 2021.) (organized by PTE ETK)<\/li>\n<\/ul>\n\n\n\n<hr class=\"wp-block-separator has-alpha-channel-opacity\"\/>\n\n\n\n<p><strong>RESEARCH<\/strong><\/p>\n\n\n\n<ul>\n<li>My professional research focuses on the health status of healthcare workers (with a particular focus on the emergency care sector) and the factors that influence it. By assessing the physical and mental health indicators of people in active patient care, I aim to prevent health problems and provide early and appropriate treatment to improve employees&#8217; quality of life and patient care.<\/li>\n\n\n\n<li>In addition to this, I also examine the specifics of prehospital emergency patient care (e.g., care of paediatric emergency cases; communication in the ambulance; rescue of aggressive patients; assessment of the SBO-triage system and its effectiveness).<\/li>\n<\/ul>\n\n\n\n<p>Detailed academic work, MTMT identification number: 10022471<\/p>\n\n\n\n<hr class=\"wp-block-separator has-alpha-channel-opacity\"\/>\n\n\n\n<p><strong>AWARDS<\/strong><\/p>\n\n\n\n<ul>\n<li>Minister of Human Resources &#8211; Ministerial Commendation (2014.)<\/li>\n<\/ul>\n\n\n\n<hr class=\"wp-block-separator has-alpha-channel-opacity\"\/>\n\n\n\n<p><strong>LANGUAGE SKILLS<\/strong><\/p>\n\n\n\n<ul>\n<li><strong>English:<\/strong> B2<\/li>\n\n\n\n<li><strong>German:<\/strong> B1<\/li>\n<\/ul>\n","protected":false},"excerpt":{"rendered":"<p>CURRICULUM VITAEName: Emese S\u00e1nta, PhDAddress: F\u00fclelm\u00fcle u. 24, H-9064, Gy\u0151r, HungaryTelephone number: +36704083223Email: santa.emese@sze.hu EDUCATION [&hellip;]<\/p>\n","protected":false},"author":1,"featured_media":0,"parent":0,"menu_order":0,"comment_status":"closed","ping_status":"closed","template":"","meta":{"footnotes":""},"_links":{"self":[{"href":"https:\/\/conference2025.etszk.u-szeged.hu\/index.php\/wp-json\/wp\/v2\/pages\/1166"}],"collection":[{"href":"https:\/\/conference2025.etszk.u-szeged.hu\/index.php\/wp-json\/wp\/v2\/pages"}],"about":[{"href":"https:\/\/conference2025.etszk.u-szeged.hu\/index.php\/wp-json\/wp\/v2\/types\/page"}],"author":[{"embeddable":true,"href":"https:\/\/conference2025.etszk.u-szeged.hu\/index.php\/wp-json\/wp\/v2\/users\/1"}],"replies":[{"embeddable":true,"href":"https:\/\/conference2025.etszk.u-szeged.hu\/index.php\/wp-json\/wp\/v2\/comments?post=1166"}],"version-history":[{"count":1,"href":"https:\/\/conference2025.etszk.u-szeged.hu\/index.php\/wp-json\/wp\/v2\/pages\/1166\/revisions"}],"predecessor-version":[{"id":1167,"href":"https:\/\/conference2025.etszk.u-szeged.hu\/index.php\/wp-json\/wp\/v2\/pages\/1166\/revisions\/1167"}],"wp:attachment":[{"href":"https:\/\/conference2025.etszk.u-szeged.hu\/index.php\/wp-json\/wp\/v2\/media?parent=1166"}],"curies":[{"name":"wp","href":"https:\/\/api.w.org\/{rel}","templated":true}]}}