{"id":442,"date":"2024-06-06T14:31:11","date_gmt":"2024-06-06T12:31:11","guid":{"rendered":"https:\/\/conference2025.etszk.u-szeged.hu\/?page_id=442"},"modified":"2025-02-13T11:50:47","modified_gmt":"2025-02-13T10:50:47","slug":"konferencia","status":"publish","type":"page","link":"https:\/\/conference2025.etszk.u-szeged.hu\/index.php\/konferencia\/","title":{"rendered":"Konferencia"},"content":{"rendered":"\n<p><a href=\"https:\/\/conference2025.etszk.u-szeged.hu\/\">I. Szegedi Nemzetk\u00f6zi Eg\u00e9szs\u00e9gtudom\u00e1nyi Konferencia<\/a><\/p>\n\n\n\n<p>Id\u0151pont: 2025. m\u00e1jus 29-30.<br>Helysz\u00edn: <br>A konferencia eln\u00f6ke: <strong>Prof. Dr. T\u00f3th-Moln\u00e1r Edit<\/strong> (tansz\u00e9kvezet\u0151 egyetemi tan\u00e1r, d\u00e9k\u00e1n)<\/p>\n\n\n\n<p>A konferencia helysz\u00edne:<\/p>\n\n\n\n<figure class=\"wp-block-image aligncenter size-full\"><img loading=\"lazy\" decoding=\"async\" width=\"1750\" height=\"449\" src=\"https:\/\/conference2025.etszk.u-szeged.hu\/wp-content\/uploads\/2024\/05\/maps-2.png\" alt=\"\" class=\"wp-image-348\" srcset=\"https:\/\/conference2025.etszk.u-szeged.hu\/wp-content\/uploads\/2024\/05\/maps-2.png 1750w, https:\/\/conference2025.etszk.u-szeged.hu\/wp-content\/uploads\/2024\/05\/maps-2-300x77.png 300w, https:\/\/conference2025.etszk.u-szeged.hu\/wp-content\/uploads\/2024\/05\/maps-2-1024x263.png 1024w, https:\/\/conference2025.etszk.u-szeged.hu\/wp-content\/uploads\/2024\/05\/maps-2-768x197.png 768w, https:\/\/conference2025.etszk.u-szeged.hu\/wp-content\/uploads\/2024\/05\/maps-2-1536x394.png 1536w\" sizes=\"(max-width: 1750px) 100vw, 1750px\" \/><\/figure>\n","protected":false},"excerpt":{"rendered":"<p>I. Szegedi Nemzetk\u00f6zi Eg\u00e9szs\u00e9gtudom\u00e1nyi Konferencia Id\u0151pont: 2025. m\u00e1jus 29-30.Helysz\u00edn: A konferencia eln\u00f6ke: Prof. Dr. T\u00f3th-Moln\u00e1r [&hellip;]<\/p>\n","protected":false},"author":1,"featured_media":0,"parent":0,"menu_order":0,"comment_status":"closed","ping_status":"closed","template":"","meta":{"footnotes":""},"_links":{"self":[{"href":"https:\/\/conference2025.etszk.u-szeged.hu\/index.php\/wp-json\/wp\/v2\/pages\/442"}],"collection":[{"href":"https:\/\/conference2025.etszk.u-szeged.hu\/index.php\/wp-json\/wp\/v2\/pages"}],"about":[{"href":"https:\/\/conference2025.etszk.u-szeged.hu\/index.php\/wp-json\/wp\/v2\/types\/page"}],"author":[{"embeddable":true,"href":"https:\/\/conference2025.etszk.u-szeged.hu\/index.php\/wp-json\/wp\/v2\/users\/1"}],"replies":[{"embeddable":true,"href":"https:\/\/conference2025.etszk.u-szeged.hu\/index.php\/wp-json\/wp\/v2\/comments?post=442"}],"version-history":[{"count":6,"href":"https:\/\/conference2025.etszk.u-szeged.hu\/index.php\/wp-json\/wp\/v2\/pages\/442\/revisions"}],"predecessor-version":[{"id":616,"href":"https:\/\/conference2025.etszk.u-szeged.hu\/index.php\/wp-json\/wp\/v2\/pages\/442\/revisions\/616"}],"wp:attachment":[{"href":"https:\/\/conference2025.etszk.u-szeged.hu\/index.php\/wp-json\/wp\/v2\/media?parent=442"}],"curies":[{"name":"wp","href":"https:\/\/api.w.org\/{rel}","templated":true}]}}