{"id":678,"date":"2025-02-18T15:37:12","date_gmt":"2025-02-18T14:37:12","guid":{"rendered":"https:\/\/conference2025.etszk.u-szeged.hu\/?page_id=678"},"modified":"2025-03-17T07:43:39","modified_gmt":"2025-03-17T06:43:39","slug":"mehmet-hanifi-kaya","status":"publish","type":"page","link":"https:\/\/conference2025.etszk.u-szeged.hu\/index.php\/mehmet-hanifi-kaya\/","title":{"rendered":"Mehmet Hanifi Kaya"},"content":{"rendered":"\n<figure class=\"wp-block-image size-full is-resized\"><img loading=\"lazy\" decoding=\"async\" width=\"480\" height=\"480\" src=\"https:\/\/conference2025.etszk.u-szeged.hu\/wp-content\/uploads\/2025\/03\/Mehmet-Hanifi-Kaya1.jpg\" alt=\"\" class=\"wp-image-1030\" style=\"width:250px\" srcset=\"https:\/\/conference2025.etszk.u-szeged.hu\/wp-content\/uploads\/2025\/03\/Mehmet-Hanifi-Kaya1.jpg 480w, https:\/\/conference2025.etszk.u-szeged.hu\/wp-content\/uploads\/2025\/03\/Mehmet-Hanifi-Kaya1-300x300.jpg 300w, https:\/\/conference2025.etszk.u-szeged.hu\/wp-content\/uploads\/2025\/03\/Mehmet-Hanifi-Kaya1-150x150.jpg 150w\" sizes=\"(max-width: 480px) 100vw, 480px\" \/><\/figure>\n\n\n\n<figure class=\"wp-block-table\"><table><tbody><tr><td>E-Mail Address <br>Phone (Work) <br>Phone (Mobile) <br>Address<\/td><td> :<br> :<br> :<br> :<\/td><td>m.kaya@ahievran.edu.tr <br>&#8211; <br>5068499157 <br>K\u0131r\u015fehir Ahi Evran \u00dcniversitesi T\u0131p Fak\u00fcltesi<\/td><\/tr><\/tbody><\/table><\/figure>\n\n\n\n<p><a href=\"https:\/\/conference2025.etszk.u-szeged.hu\/wp-content\/uploads\/2025\/02\/Mehmet-Hanifi-Kaya.pdf\">Mehmet-Hanifi-Kaya.pdf<\/a><\/p>\n","protected":false},"excerpt":{"rendered":"<p>E-Mail Address Phone (Work) Phone (Mobile) Address : : : : m.kaya@ahievran.edu.tr &#8211; 5068499157 K\u0131r\u015fehir [&hellip;]<\/p>\n","protected":false},"author":1,"featured_media":0,"parent":0,"menu_order":0,"comment_status":"closed","ping_status":"closed","template":"","meta":{"footnotes":""},"_links":{"self":[{"href":"https:\/\/conference2025.etszk.u-szeged.hu\/index.php\/wp-json\/wp\/v2\/pages\/678"}],"collection":[{"href":"https:\/\/conference2025.etszk.u-szeged.hu\/index.php\/wp-json\/wp\/v2\/pages"}],"about":[{"href":"https:\/\/conference2025.etszk.u-szeged.hu\/index.php\/wp-json\/wp\/v2\/types\/page"}],"author":[{"embeddable":true,"href":"https:\/\/conference2025.etszk.u-szeged.hu\/index.php\/wp-json\/wp\/v2\/users\/1"}],"replies":[{"embeddable":true,"href":"https:\/\/conference2025.etszk.u-szeged.hu\/index.php\/wp-json\/wp\/v2\/comments?post=678"}],"version-history":[{"count":3,"href":"https:\/\/conference2025.etszk.u-szeged.hu\/index.php\/wp-json\/wp\/v2\/pages\/678\/revisions"}],"predecessor-version":[{"id":1032,"href":"https:\/\/conference2025.etszk.u-szeged.hu\/index.php\/wp-json\/wp\/v2\/pages\/678\/revisions\/1032"}],"wp:attachment":[{"href":"https:\/\/conference2025.etszk.u-szeged.hu\/index.php\/wp-json\/wp\/v2\/media?parent=678"}],"curies":[{"name":"wp","href":"https:\/\/api.w.org\/{rel}","templated":true}]}}