{"id":798,"date":"2025-02-19T15:48:35","date_gmt":"2025-02-19T14:48:35","guid":{"rendered":"https:\/\/conference2025.etszk.u-szeged.hu\/?page_id=798"},"modified":"2025-02-19T15:48:35","modified_gmt":"2025-02-19T14:48:35","slug":"orsolya-tobak-phd","status":"publish","type":"page","link":"https:\/\/conference2025.etszk.u-szeged.hu\/index.php\/orsolya-tobak-phd\/","title":{"rendered":"Orsolya Tobak PhD"},"content":{"rendered":"\n<figure class=\"wp-block-image size-full is-resized\"><img loading=\"lazy\" decoding=\"async\" width=\"310\" height=\"403\" src=\"https:\/\/conference2025.etszk.u-szeged.hu\/wp-content\/uploads\/2025\/02\/TobakOrsolya-kicsi.png\" alt=\"\" class=\"wp-image-799\" style=\"width:181px;height:auto\" srcset=\"https:\/\/conference2025.etszk.u-szeged.hu\/wp-content\/uploads\/2025\/02\/TobakOrsolya-kicsi.png 310w, https:\/\/conference2025.etszk.u-szeged.hu\/wp-content\/uploads\/2025\/02\/TobakOrsolya-kicsi-231x300.png 231w\" sizes=\"(max-width: 310px) 100vw, 310px\" \/><\/figure>\n\n\n\n<p>Curriculum Vitae<br><strong>Personal data:<\/strong><br>Name: Orsolya Tobak<br>Place of birth: Sopron<br>Date of birth: 25.06.1978<br>Nationality: Hungarian<br>Address: 6754 \u00dajszentiv\u00e1n, F\u0151 str. 61.<br>Phone: (+36) 20 3119345<br>E-mail: tobak.orsolya@szte.hu<\/p>\n\n\n\n<p><br><strong>Tanulm\u00e1nyok:<\/strong><br>2006 \u2013 2012 University of P\u00e9cs, Faculty of Health Sciences Doctoral School of Health Science \u2013 <strong>Phd degree<\/strong><br>2004 \u2013 2006 \u2013 University of P\u00e9cs, Faculty of Health Sciences &#8211; <strong>certified health visitors <\/strong>(Msc)<br>2000 \u2013 2004 Guszt\u00e1v B\u00e1rczi Special Education Teacher Training Collage \u2013 <strong>teacher of the learning disabled <\/strong>(Bsc)<br>2000-2002 University of Szeged, Faculty of Health Sciences, Faculty of Health Visitor \u2013 <strong>Family Health Visitor<\/strong> (Bachelor&#8217;s Degree)<br>1996 \u2013 2000 University of Szeged, Faculty of Health Sciences, Faculty of Health Visitor \u2013 <strong>Health Visitor<\/strong> (Bachelor&#8217;s Degree)<\/p>\n\n\n\n<p><br><strong>Workplace:<\/strong><br>\uf0b7 01 September 2005.\u2013 <strong>associate professor<\/strong> University of Szeged Faculty of Health Sciences and Social Studies<br>o <em>Subjects taught:<\/em> basic principles of individual and community prevention and screening tests, pregnant, newborn and infant care, methodology of care for the disabled and minorities, professional supervision, development and care of healthy infants and young children, organization and coordination of regional practices<\/p>\n\n\n\n<p><br>\uf0b7 2000. July \u2013 2014. August <strong>health visitor <\/strong>Harkak\u00f6t\u00f6ny Health Visitor Service.<br><\/p>\n\n\n\n<p><strong>Part time workplaces:<\/strong><br>01 September 2005 \u2013 <strong>development teacher <\/strong>St \u00c1goston Chatolic Primary School, Kindergarten, Harkak\u00f6t\u00f6nyi school site<br>2021-2022 \u2013 &#8211; school health visitor The Albert Szent-Gy\u00f6rgyi Medical and Pharmaceutical Centre of the University of Szeged<br>2013 Attitude and time balance study methodological development, data collection analysis T\u00c1MOP 614 Responsibilities: processing, analysis and evaluation of questionnaires<br>2013 &#8211; 2015: pilot of unstaffed health visitor status T\u00c1MOP 614 Scope of work: preparation of a situation analysis with data analysis, interviews; compilation of professional training, training; mentoring of practitioners; preparation of a final report<\/p>\n\n\n\n<p><br><strong>Computer skills:<\/strong><br>Word, Excel, PowerPoint, SPSS<\/p>\n\n\n\n<p><br><strong>Individual skills and competences:<\/strong><\/p>\n\n\n\n<ul>\n<li>The European Language Certificates (TELC) in English (intermediate level, type C) in German (A1, type C)<\/li>\n\n\n\n<li>Driving licence: category B licence<\/li>\n<\/ul>\n","protected":false},"excerpt":{"rendered":"<p>Curriculum VitaePersonal data:Name: Orsolya TobakPlace of birth: SopronDate of birth: 25.06.1978Nationality: HungarianAddress: 6754 \u00dajszentiv\u00e1n, F\u0151 [&hellip;]<\/p>\n","protected":false},"author":1,"featured_media":0,"parent":0,"menu_order":0,"comment_status":"closed","ping_status":"closed","template":"","meta":{"footnotes":""},"_links":{"self":[{"href":"https:\/\/conference2025.etszk.u-szeged.hu\/index.php\/wp-json\/wp\/v2\/pages\/798"}],"collection":[{"href":"https:\/\/conference2025.etszk.u-szeged.hu\/index.php\/wp-json\/wp\/v2\/pages"}],"about":[{"href":"https:\/\/conference2025.etszk.u-szeged.hu\/index.php\/wp-json\/wp\/v2\/types\/page"}],"author":[{"embeddable":true,"href":"https:\/\/conference2025.etszk.u-szeged.hu\/index.php\/wp-json\/wp\/v2\/users\/1"}],"replies":[{"embeddable":true,"href":"https:\/\/conference2025.etszk.u-szeged.hu\/index.php\/wp-json\/wp\/v2\/comments?post=798"}],"version-history":[{"count":1,"href":"https:\/\/conference2025.etszk.u-szeged.hu\/index.php\/wp-json\/wp\/v2\/pages\/798\/revisions"}],"predecessor-version":[{"id":800,"href":"https:\/\/conference2025.etszk.u-szeged.hu\/index.php\/wp-json\/wp\/v2\/pages\/798\/revisions\/800"}],"wp:attachment":[{"href":"https:\/\/conference2025.etszk.u-szeged.hu\/index.php\/wp-json\/wp\/v2\/media?parent=798"}],"curies":[{"name":"wp","href":"https:\/\/api.w.org\/{rel}","templated":true}]}}