{"id":815,"date":"2025-02-20T07:57:13","date_gmt":"2025-02-20T06:57:13","guid":{"rendered":"https:\/\/conference2025.etszk.u-szeged.hu\/?page_id=815"},"modified":"2025-03-26T09:32:31","modified_gmt":"2025-03-26T08:32:31","slug":"evelin-vagvolgyi-sumegi","status":"publish","type":"page","link":"https:\/\/conference2025.etszk.u-szeged.hu\/index.php\/evelin-vagvolgyi-sumegi\/","title":{"rendered":"Evelin V\u00e1gv\u00f6lgyi-S\u00fcmegi"},"content":{"rendered":"\n<figure class=\"wp-block-image size-full is-resized\"><img loading=\"lazy\" decoding=\"async\" width=\"480\" height=\"480\" src=\"https:\/\/conference2025.etszk.u-szeged.hu\/wp-content\/uploads\/2025\/03\/Evelin-Vagvolgyi-Sumegi.jpg\" alt=\"\" class=\"wp-image-1100\" style=\"width:270px;height:auto\" srcset=\"https:\/\/conference2025.etszk.u-szeged.hu\/wp-content\/uploads\/2025\/03\/Evelin-Vagvolgyi-Sumegi.jpg 480w, https:\/\/conference2025.etszk.u-szeged.hu\/wp-content\/uploads\/2025\/03\/Evelin-Vagvolgyi-Sumegi-300x300.jpg 300w, https:\/\/conference2025.etszk.u-szeged.hu\/wp-content\/uploads\/2025\/03\/Evelin-Vagvolgyi-Sumegi-150x150.jpg 150w\" sizes=\"(max-width: 480px) 100vw, 480px\" \/><\/figure>\n\n\n\n<p>Szeged <br>vagvolgyi-sumegi.evelin@conference2025<br>+36309521296<\/p>\n\n\n\n<p>Education<\/p>\n\n\n\n<h3 class=\"wp-block-heading\">PhD Program Doctoral School of Clinical Medicine<\/h3>\n\n\n\n<p>University of Szeged \u2013 Faculty of Medicine \u2022 Szeged<br>09\/2020<br><em>Supervisor: Prof. Dr. P\u00e9ter Kliv\u00e9nyi<\/em><\/p>\n\n\n\n<p>Absolutorium obtained, degree acquisition not initiated<\/p>\n\n\n\n<p class=\"justify-text\">During my PhD training, I acquired the fundamentals of animal experimental work and gained practical experience in various behavioral tests conducted on mouse models (Open-field test, Rotarod, Y-maze). In addition to studies performed on awake animals, I learned how to anesthetize mice and administer different types of injections. I also gained experience in obtaining biological samples from deeply anesthetized or overdosed mice, including the dissection of the brain according to various anatomical criteria.<br>&#8230;.<\/p>\n\n\n\n<p><a href=\"https:\/\/conference2025.etszk.u-szeged.hu\/wp-content\/uploads\/2025\/02\/Vagvolgyi-Sumegi-Evelin.pdf\">Vagvolgyi-Sumegi-Evelin_CV.pdf<\/a><\/p>\n","protected":false},"excerpt":{"rendered":"<p>Szeged vagvolgyi-sumegi.evelin@conference2025+36309521296 Education PhD Program Doctoral School of Clinical Medicine University of Szeged \u2013 Faculty [&hellip;]<\/p>\n","protected":false},"author":1,"featured_media":0,"parent":0,"menu_order":0,"comment_status":"closed","ping_status":"closed","template":"","meta":{"footnotes":""},"_links":{"self":[{"href":"https:\/\/conference2025.etszk.u-szeged.hu\/index.php\/wp-json\/wp\/v2\/pages\/815"}],"collection":[{"href":"https:\/\/conference2025.etszk.u-szeged.hu\/index.php\/wp-json\/wp\/v2\/pages"}],"about":[{"href":"https:\/\/conference2025.etszk.u-szeged.hu\/index.php\/wp-json\/wp\/v2\/types\/page"}],"author":[{"embeddable":true,"href":"https:\/\/conference2025.etszk.u-szeged.hu\/index.php\/wp-json\/wp\/v2\/users\/1"}],"replies":[{"embeddable":true,"href":"https:\/\/conference2025.etszk.u-szeged.hu\/index.php\/wp-json\/wp\/v2\/comments?post=815"}],"version-history":[{"count":4,"href":"https:\/\/conference2025.etszk.u-szeged.hu\/index.php\/wp-json\/wp\/v2\/pages\/815\/revisions"}],"predecessor-version":[{"id":1102,"href":"https:\/\/conference2025.etszk.u-szeged.hu\/index.php\/wp-json\/wp\/v2\/pages\/815\/revisions\/1102"}],"wp:attachment":[{"href":"https:\/\/conference2025.etszk.u-szeged.hu\/index.php\/wp-json\/wp\/v2\/media?parent=815"}],"curies":[{"name":"wp","href":"https:\/\/api.w.org\/{rel}","templated":true}]}}